nd 49?
49
Suppose 0 = i - 6*i + 25. Let u be 2/5 - (-1328)/i. Suppose 69*t - 1255 - 1666 = -299. Calculate the highest common factor of u and t.
38
Let k be 6/(-9) + 68/3. Let a(m) = 16*m - 124. Let j be a(7). Let d = k + j. What is the greatest common factor of 90 and d?
10
Let r be (40 - 24 - 33)/(2 - 3). What is the highest common factor of r and 1?
1
Let d(p) = 19*p - 1. Let n be d(1). Suppose 0 = -5*g + l + 30, -4*l + 3 = -3*g + 4. Suppose -g*i + 5*i + n = 0. What is the greatest common divisor of 9 and i?
9
Let a = 409 + -313. Let y be (-4)/12*-1*-3. Let i = 11 - y. Calculate the highest common factor of i and a.
12
Suppose -34*t + 5760 - 1998 = -3854. Calculate the greatest common factor of t and 1456.
112
Suppose -18*v + 12*v = -168. Let u(s) = -12 - 15 - s + v. Let x be u(-9). What is the highest common divisor of x and 50?
10
Let k(f) = 2286*f**2 + 13*f - 18. Let a be k(2). Calculate the greatest common factor of 143 and a.
143
Let s(u) = 18*u**3 - 9*u**2 - 6*u + 30. Let d be s(5). What is the greatest common factor of 525 and d?
75
Let x = -1753 - -1757. What is the highest common divisor of x and 44?
4
Suppose 0 = -4*s + c + 514, 4*c + 435 = 6*s - 351. Calculate the highest common divisor of s and 1397.
127
Let p(m) = -m**3 + 2*m**2 + 44*m - 3. Let j be p(-8). Calculate the greatest common divisor of 1805 and j.
95
Let j(p) = -64*p + 974. Let z be j(15). What is the highest common factor of 2723 and z?
7
Let m be -779 + 4/(-10)*-5. Let k = 790 + m. What is the greatest common factor of k and 169?
13
Let z(k) = -85*k**3 - 4*k**2 - 12*k - 3. Let n be z(-2). Calculate the greatest common factor of 15 and n.
5
Let h be (-15520)/(-388)*(-5)/(-4). Calculate the highest common factor of h and 11950.
50
Suppose 5*h - 52532 = -642*n + 638*n, -42020 = -4*h - 4*n. Calculate the greatest common divisor of h and 73.
73
Suppose 0 = 2*t + 6*q - 42, q + 3 = -3*t + 6*t. Calculate the highest common factor of 4413 and t.
3
Suppose -62*p + 3832 + 8986 = -140. What is the highest common divisor of p and 10241?
209
Suppose -m - b = -657, 0 = 2*m - 3*b - 1195 - 119. What is the greatest common factor of m and 73?
73
Let u be (145 - 136)*(5 + 1). Calculate the highest common factor of u and 1314.
18
Suppose 5*m - 50 = 5*y, -y + 2 = -2. Suppose -7*a - m - 7 = 0. Let t be a + 1/(2/6) - -11. Calculate the greatest common divisor of 44 and t.
11
Let n = 17052 + -16015. Calculate the greatest common factor of 85 and n.
17
Suppose -4079*d + 1432326 = -3878*d. Calculate the highest common divisor of 84 and d.
14
Suppose -8*w - 5*r = -5*w - 56, -r + 4 = 0. Suppose 4*m = -5*p + 336, 4*m = 3*m + 4*p + 84. What is the highest common divisor of w and m?
12
Let p be ((-190)/(-6))/((-16)/(-48)). Suppose -2*f + 2*i - 66 = 0, f + 2*f - i + p = 0. Let m = f + 41. What is the greatest common divisor of 60 and m?
10
Let l(j) = j**2 + 5*j - 18. Let v be l(-8). Suppose 0 = -101*c + 95*c + v. Calculate the greatest common divisor of c and 3.
1
Suppose 3*w - i + 1848 = -2*i, 0 = w - i + 616. Let t be (-11)/(w/656) + 6/21. What is the greatest common divisor of 192 and t?
12
Let b(c) = -4*c - 1. Let m be b(-1). Let f(p) = 4*p - 4*p + 58 + m*p - 52. Let v be f(5). Calculate the greatest common divisor of 3 and v.
3
Let u be ((-335)/(-4))/(22/88). Let n be (6 - u/(-35)) + (-6)/(-14). Let d be ((-7)/14)/(2/(-4)). Calculate the greatest common factor of d and n.
1
Let m = 2 - 3. Let j be -5 - -679 - 1/m. Suppose h - j = -4*h. What is the greatest common factor of 15 and h?
15
Let y = 43 - 47. Let z be -1 - 6/3*10/y. Calculate the highest common divisor of 1 and z.
1
Suppose -3471 + 12703 = 16*t. Suppose -f - 2*i = -92, -5*f - 131 = -4*i - t. Calculate the greatest common divisor of f and 20.
10
Let r = -16080 - -16927. Calculate the greatest common divisor of r and 287.
7
Let x(n) = 154*n**2 + 31*n. Let j be x(-6). Suppose -26*z + 2442 = -j. What is the highest common factor of 18 and z?
6
Let c = 96 - 137. Let b = c + 96. Suppose 132*q - 135*q + 15 = 0. Calculate the highest common factor of q and b.
5
Let q(v) = -3*v + 5. Let o(x) = -x. Let h(u) = -o(u) - q(u). Let r be h(7). Suppose -63 + r = -4*w. Calculate the highest common factor of 50 and w.
10
Let r be (1 + -2)*0 + -6. Let j be ((-2)/(-1))/(r/(-75)). Let h(k) = 146*k + 881. Let a be h(-6). What is the highest common factor of a and j?
5
Let m be 3*14 - (-482 - -497). Calculate the greatest common factor of 4959 and m.
9
Suppose 2*o - 4*o + 1244 = 0. Let l = o - 325. Let b = 4140 + -4107. Calculate the highest common divisor of b and l.
33
Suppose g = 4*l + 41, -4*l + 21 = -3*g + 104. Let r be 6/(-21) + 1035/g + 1. What is the greatest common factor of r and 30?
10
Suppose 3*s - 60106 + 13537 = -2*n, 69855 = 3*n + 5*s. Calculate the greatest common divisor of n and 6.
6
Let n(t) = -t**3 + 6*t**2 - 5*t - 7. Let v be n(5). Let r be 3/v - (-444)/7. Let h(x) = 24*x - 3. Let p be h(1). What is the highest common divisor of r and p?
21
Let i = -24 + 10. Let g be 38/14 - (32/i + 2). Suppose 0 = 2*n - 3*z - 37, 35 + 29 = g*n + 4*z. Calculate the greatest common factor of n and 8.
4
Suppose 0 = 374*n - 4706 - 156. What is the greatest common factor of 10673 and n?
13
Suppose 16880 = 508*i - 532*i + 123176. What is the greatest common divisor of 43 and i?
43
Let j = 60487 - 35953. Calculate the highest common factor of j and 36.
18
Let s be (-6413)/(-212) + (1 - 6/(-8)). Suppose -64 = -4*l - 0*l. What is the greatest common divisor of s and l?
16
Suppose 24*n - 26*n + 42 = 0. Let t(x) = -2*x**3 - 33*x**2 + x - 146. Let o be t(-17). What is the greatest common factor of n and o?
21
Let g(v) = -9*v - v + 0 + 31 + 9*v. Let u be g(-20). What is the greatest common divisor of 85 and u?
17
Let z = 122 - 119. Suppose y = z*a - 18, -13 = 4*a - 8*a + 5*y. Calculate the highest common factor of 42 and a.
7
Let r(p) = p**3 + 16*p**2 + 17*p + 14. Let v be r(-15). Let k be 14/(-126) - v/(-18) - -232. Calculate the highest common divisor of k and 42.
21
Suppose 32*b + 30*b = -11*b + 657. Suppose -44 = -y + 4. Suppose 7*p - y = 3*p. Calculate the greatest common divisor of b and p.
3
Let c = -915 - -9236. What is the highest common divisor of 53 and c?
53
Suppose 2*v - 4*g - 1724 = 0, -8*g + 9*g - 3412 = -4*v. Calculate the greatest common factor of 56 and v.
14
Let y be 199 - 33/132*-32. Let f be (-70)/6 - (-2)/3. Let m be (f + -4)*(-6)/10. What is the greatest common divisor of y and m?
9
Let y = 10112 + -10005. What is the greatest common divisor of 20437 and y?
107
Suppose 168*j - 265695 = 1012785. What is the greatest common factor of 10 and j?
10
Let s = 115 + -85. Suppose c - 650 = -5*r - 126, -5*r = -3*c - 528. What is the greatest common factor of r and s?
15
Suppose 26*l - 2856 = -230. Calculate the highest common factor of 1 and l.
1
Suppose 2*y = -v + 4*y - 2, 2*y - 18 = -3*v. Suppose 0*d - 3*w = 2*d - 3, 2*d = -v*w. Suppose j + 255 = d*j. What is the greatest common divisor of j and 51?
51
Suppose -68*o + 2*u + 158 = -65*o, u = 4*o - 199. Calculate the greatest common factor of 1024 and o.
16
Let w(p) = p**2 + 60*p - 1488. Let y be w(-86). What is the highest common divisor of y and 68?
68
Suppose 15 = 3*j - 2*j. Let f be (-8 - -35) + (6/(-18))/((-1)/(-6)). What is the greatest common factor of f and j?
5
Let n = 133 + -63. Let b = -399 - -319. Let f = -52 - b. What is the highest common divisor of f and n?
14
Let j = -107 - -83. Let a be 7652/32 - 3*(-1)/j. Suppose -209 - a = -4*w. Calculate the highest common divisor of w and 16.
16
Let i = 30 + -22. Suppose 3*r = 2*t + 85, 0 = 7*t - 8*t - 2*r - 32. Let d = 78 + t. What is the greatest common divisor of d and i?
8
Suppose -o + 6 = -3. Let l = 12171 - 11910. Calculate the greatest common divisor of o and l.
9
Let v(m) = -m**3 + 13*m**2 - 3*m - 3. Let q be v(12). Let p be 1/((-13)/(-27300)*15). What is the greatest common divisor of q and p?
35
Let y(l) = 17*l + 3. Let d be y(0). Suppose 6*n = -d*k + 2*n + 537, -12 = -4*n. What is the greatest common factor of k and 125?
25
Let m(o) = o**3 + 6*o**2 + 2*o - 10. Let y be m(-5). Suppose 2*k - 6*x + y*x - 56 = 0, -3*k = -3*x - 78. What is the greatest common factor of k and 18?
6
Suppose w - 6*w = 75. Suppose 0 = 329*y - 324*y + 800. 